{"id":103,"date":"2013-07-19T10:04:40","date_gmt":"2013-07-19T09:04:40","guid":{"rendered":"http:\/\/www.test.jmj-online.de\/?page_id=103"},"modified":"2025-08-10T14:36:30","modified_gmt":"2025-08-10T13:36:30","slug":"beratender-vorstand","status":"publish","type":"page","link":"https:\/\/www.jmj-online.de\/?page_id=103","title":{"rendered":"Beratender Vorstand"},"content":{"rendered":"<p style=\"text-align:left;\">Der beratende Vorstand wird jedes Jahr auf der Versammlung der Ehrenmitglieder und ehemaligen Sch\u00fctzenk\u00f6nige gew\u00e4hlt. Diese findet j\u00e4hrlich sp\u00e4testens eine Woche vor dem Sch\u00fctzenfest statt.<\/p>\n<p>Der Schie\u00dfmeister Ludwig Wittmann ist geborenes Mitglied im Beratenden Vorstand.<\/p>\n<hr>\n<p>Es folgt die Besetzung des Beratenden Vorstandes nach der Wahl vom 10.08.2025<\/p>\n<p style=\"text-align:center;\"><strong>Ehrenmitglied<\/strong><br \/>Andr\u00e9 Bergmann<\/p>\n<p style=\"text-align:center;\"><strong>Ehrenmitglied<\/strong><br \/>Manfred Krahe<\/p>\n<p style=\"text-align:center;\"><strong>Ehrenmitglied<\/strong><br \/>Marc Warnke<\/p>\n<p style=\"text-align:center;\"><strong>148. Sch\u00fctzenk\u00f6nig<\/strong><br \/>Sven K\u00f6hr<\/p>\n<p style=\"text-align:center;\"><strong>150. Sch\u00fctzenk\u00f6nig<\/strong><br \/>Stefan Groll<\/p>\n<p style=\"text-align:center;\"><strong>153. Sch\u00fctzenk\u00f6nig<\/strong><br \/>Thorsten Menzel<\/p>\n<p style=\"text-align:center;\"><strong>Ehrenmitglied\/Schie\u00dfmeister<\/strong><br \/>Ludwig Wittmann<\/p>\n<hr>\n<p>Es folgt die Besetzung des Beratenden Vorstandes nach der Wahl vom 11.08.2024<\/p>\n<h3 style=\"padding-left:30px; text-align:center;\"><strong>Ehrenmitglied<\/strong><br \/>Andr\u00e9 Bergmann <\/p>\n<\/h3>\n<h3 style=\"padding-left:30px; text-align:center;\"><strong>Ehrenmitglied<\/strong><br \/>Marc Warnke <\/p>\n<\/h3>\n<h3 style=\"padding-left:30px; text-align:center;\"><strong>144. Sch\u00fctzenk\u00f6nig<\/strong><br \/>Thomas Keppelstrass <\/p>\n<\/h3>\n<h3 style=\"padding-left:30px; text-align:center;\"><strong>Ehrenmitglied<\/strong><br \/>Manfred Krahe <\/p>\n<\/h3>\n<h3 style=\"padding-left:30px; text-align:center;\"><strong>153. Sch\u00fctzenk\u00f6nig<\/strong><br \/>Thorsten Menzel <\/p>\n<\/h3>\n<h3 style=\"padding-left:30px; text-align:center;\"><strong>164. Sch\u00fctzenk\u00f6nig<\/strong><br \/>Basti Freistedt <\/p>\n<\/h3>\n<h3 style=\"padding-left:30px; text-align:center;\"><strong>Ehrenmitglied\/Schie\u00dfmeister<\/strong><br \/>Ludwig Wittmann <\/p>\n<\/h3>\n<hr>\n<p>Es folgt die Besetzung des Beratenden Vorstandes nach der Wahl vom 13.08.2023<\/p>\n<h3 style=\"padding-left:30px; text-align:center;\"><strong>Ehrenmitglied<\/strong><br \/>Andr\u00e9 Bergmann <\/p>\n<\/h3>\n<h3 style=\"padding-left:30px; text-align:center;\"><strong>Ehrenmitglied<\/strong><br \/>Marc Warnke <\/p>\n<\/h3>\n<h3 style=\"padding-left:30px; text-align:center;\"><strong>144. Sch\u00fctzenk\u00f6nig<\/strong><br \/>Thomas Keppelstrass <\/p>\n<\/h3>\n<h3 style=\"padding-left:30px; text-align:center;\"><strong>Ehrenmitglied<\/strong><br \/>Manfred Krahe <\/p>\n<\/h3>\n<h3 style=\"padding-left:30px; text-align:center;\"><strong>153. Sch\u00fctzenk\u00f6nig<\/strong><br \/>Thorsten Menzel <\/p>\n<\/h3>\n<h3 style=\"padding-left:30px; text-align:center;\"><strong>164. Sch\u00fctzenk\u00f6nig<\/strong><br \/>Basti Freistedt <\/p>\n<\/h3>\n<h3 style=\"padding-left:30px; text-align:center;\"><strong>Ehrenmitglied\/Schie\u00dfmeister<\/strong><br \/>Ludwig Wittmann <\/p>\n<\/h3>\n<hr>\n<p>Es folgt die Besetzung des Beratenden Vorstandes nach der Wahl vom 14.08.2022<\/p>\n<h3 style=\"padding-left:30px; text-align:center;\"><strong>Ehrenmitglied<\/strong><br \/>Andr\u00e9 Bergmann <\/p>\n<\/h3>\n<h3 style=\"padding-left:30px; text-align:center;\"><strong>130. Sch\u00fctzenk\u00f6nig<\/strong><br \/>Peter Dirkmann <\/p>\n<\/h3>\n<h3 style=\"padding-left:30px; text-align:center;\"><strong>144. Sch\u00fctzenk\u00f6nig<\/strong><br \/>Thomas Keppelstrass <\/p>\n<\/h3>\n<h3 style=\"padding-left:30px; text-align:center;\"><strong>Ehrenmitglied<\/strong><br \/>Manfred Krahe <\/p>\n<\/h3>\n<h3 style=\"padding-left:30px; text-align:center;\"><strong>153. Sch\u00fctzenk\u00f6nig<\/strong><br \/>Thorsten Menzel <\/p>\n<\/h3>\n<h3 style=\"padding-left:30px; text-align:center;\"><strong>157. Sch\u00fctzenk\u00f6nig<\/strong><br \/>Holger Rosbach <\/p>\n<\/h3>\n<h3 style=\"padding-left:30px; text-align:center;\"><strong>Ehrenmitglied\/Schie\u00dfmeister<\/strong><br \/>Ludwig Wittmann <\/p>\n<\/h3>\n<hr>\n<p>Es folgt die Besetzung des Beratenden Vorstandes nach der Wahl vom 03.10.2021<\/p>\n<h3 style=\"padding-left:30px; text-align:center;\"><strong>Ehrenmitglied<\/strong><br \/>Andr\u00e9 Bergmann <\/p>\n<\/h3>\n<h3 style=\"padding-left:30px; text-align:center;\"><strong>130. Sch\u00fctzenk\u00f6nig<\/strong><br \/>Peter Dirkmann <\/p>\n<\/h3>\n<h3 style=\"padding-left:30px; text-align:center;\"><strong>144. Sch\u00fctzenk\u00f6nig<\/strong><br \/>Thomas Keppelstrass <\/p>\n<\/h3>\n<h3 style=\"padding-left:30px; text-align:center;\"><strong>Ehrenmitglied<\/strong><br \/>Manfred Krahe <\/p>\n<\/h3>\n<h3 style=\"padding-left:30px; text-align:center;\"><strong>153. Sch\u00fctzenk\u00f6nig<\/strong><br \/>Thorsten Menzel <\/p>\n<\/h3>\n<h3 style=\"padding-left:30px; text-align:center;\"><strong>157. Sch\u00fctzenk\u00f6nig<\/strong><br \/>Holger Rosbach <\/p>\n<\/h3>\n<h3 style=\"padding-left:30px; text-align:center;\"><strong>Ehrenmitglied\/Schie\u00dfmeister<\/strong><br \/>Ludwig Wittmann <\/p>\n<\/h3>\n<hr>\n<p>Es folgt die Besetzung des Beratenden Vorstandes nach der Wahl vom 11.08.2019<\/p>\n<h3 style=\"text-align:center;\"><strong>Ehrenmitglied<\/strong><br \/>Andr\u00e9 Bergmann <\/p>\n<\/h3>\n<h3 style=\"text-align:center;\"><strong>130. Sch\u00fctzenk\u00f6nig<\/strong><br \/>Peter Dirkmann <\/p>\n<\/h3>\n<h3 style=\"text-align:center;\"><strong>144. Sch\u00fctzenk\u00f6nig<\/strong><br \/>Thomas Keppelstrass <\/p>\n<\/h3>\n<h3 style=\"text-align:center;\"><strong>Ehrenmitglied<\/strong><br \/>Manfred Krahe <\/p>\n<\/h3>\n<h3 style=\"text-align:center;\"><strong>153. Sch\u00fctzenk\u00f6nig<\/strong><br \/>Thorsten Menzel <\/p>\n<\/h3>\n<h3 style=\"text-align:center;\"><strong>Ehrenmitglied<\/strong><br \/>Eugen Rosbach <\/p>\n<\/h3>\n<h3 style=\"text-align:center;\"><strong>Ehrenmitglied\/Schie\u00dfmeister<\/strong><br \/>Ludwig Wittmann <\/p>\n<\/h3>\n<hr>\n<p>Es folgt die Besetzung des Beratenden Vorstandes nach der Wahl vom 12.08.2018:<\/p>\n<h3 style=\"text-align:center;\"><strong>138. Sch\u00fctzenk\u00f6nig<\/strong><br \/>Burkhard Balte <\/p>\n<\/h3>\n<h3 style=\"text-align:center;\"><strong>Ehrenmitglied<\/strong><br \/>Manfred Krahe <\/p>\n<\/h3>\n<h3 style=\"text-align:center;\"><strong>153. Sch\u00fctzenk\u00f6nig<\/strong><br \/>Thorsten Menzel <\/p>\n<\/h3>\n<h3 style=\"text-align:center;\"><strong>140. Sch\u00fctzenk\u00f6nig<\/strong><br \/>Norbert Neunkirchen <\/p>\n<\/h3>\n<h3 style=\"text-align:center;\"><strong>Ehrenmitglied<\/strong><br \/>Eugen Rosbach <\/p>\n<\/h3>\n<h3 style=\"text-align:center;\"><strong>139. Sch\u00fctzenk\u00f6nig<\/strong><br \/>Ulrich Volkmer <\/p>\n<\/h3>\n<h3 style=\"text-align:center;\"><strong>Ehrenmitglied\/Schie\u00dfmeister<\/strong><br \/>Ludwig Wittmann <\/p>\n<\/h3>\n<hr>\n<h3><\/h3>\n<p>Der Beratende Vorstand nach der Wahl vom 13.08.2017:<\/p>\n<h3 style=\"text-align:center;\"><strong>138. Sch\u00fctzenk\u00f6nig<\/strong><br \/>Burkhard Balte <\/p>\n<\/h3>\n<h3 style=\"text-align:center;\"><strong>Ehrenmitglied<\/strong><br \/>Manfred Krahe <\/p>\n<\/h3>\n<h3 style=\"text-align:center;\"><strong>Ehrenmitglied<\/strong><br \/>Ulrich K\u00f6hr <\/p>\n<\/h3>\n<h3 style=\"text-align:center;\"><strong>153. Sch\u00fctzenk\u00f6nig<\/strong><br \/>Thorsten Menzel <\/p>\n<\/h3>\n<h3 style=\"text-align:center;\"><strong>140. Sch\u00fctzenk\u00f6nig<\/strong><br \/>Norbert Neunkirchen <\/p>\n<\/h3>\n<h3 style=\"text-align:center;\"><strong>Ehrenmitglied<\/strong><br \/>Eugen Rosbach <\/p>\n<\/h3>\n<h3 style=\"text-align:center;\"><strong>Ehrenmitglied\/Schie\u00dfmeister<\/strong><br \/>Ludwig Wittmann <\/p>\n<\/h3>\n","protected":false},"excerpt":{"rendered":"<p>Der beratende Vorstand wird jedes Jahr auf der Versammlung der Ehrenmitglieder und ehemaligen Sch\u00fctzenk\u00f6nige gew\u00e4hlt. Diese findet j\u00e4hrlich sp\u00e4testens eine Woche vor dem Sch\u00fctzenfest statt. Der Schie\u00dfmeister Ludwig Wittmann ist geborenes Mitglied im Beratenden Vorstand. Es folgt die Besetzung des &hellip; <a href=\"https:\/\/www.jmj-online.de\/?page_id=103\">Weiterlesen <span class=\"meta-nav\">&rarr;<\/span><\/a><\/p>\n","protected":false},"author":1,"featured_media":0,"parent":437,"menu_order":0,"comment_status":"closed","ping_status":"open","template":"","meta":{"footnotes":""},"_links":{"self":[{"href":"https:\/\/www.jmj-online.de\/index.php?rest_route=\/wp\/v2\/pages\/103"}],"collection":[{"href":"https:\/\/www.jmj-online.de\/index.php?rest_route=\/wp\/v2\/pages"}],"about":[{"href":"https:\/\/www.jmj-online.de\/index.php?rest_route=\/wp\/v2\/types\/page"}],"author":[{"embeddable":true,"href":"https:\/\/www.jmj-online.de\/index.php?rest_route=\/wp\/v2\/users\/1"}],"replies":[{"embeddable":true,"href":"https:\/\/www.jmj-online.de\/index.php?rest_route=%2Fwp%2Fv2%2Fcomments&post=103"}],"version-history":[{"count":30,"href":"https:\/\/www.jmj-online.de\/index.php?rest_route=\/wp\/v2\/pages\/103\/revisions"}],"predecessor-version":[{"id":2285,"href":"https:\/\/www.jmj-online.de\/index.php?rest_route=\/wp\/v2\/pages\/103\/revisions\/2285"}],"up":[{"embeddable":true,"href":"https:\/\/www.jmj-online.de\/index.php?rest_route=\/wp\/v2\/pages\/437"}],"wp:attachment":[{"href":"https:\/\/www.jmj-online.de\/index.php?rest_route=%2Fwp%2Fv2%2Fmedia&parent=103"}],"curies":[{"name":"wp","href":"https:\/\/api.w.org\/{rel}","templated":true}]}}