{"id":98,"date":"2013-07-31T13:20:25","date_gmt":"2013-07-31T11:20:25","guid":{"rendered":"http:\/\/www.test.jmj-online.de\/?page_id=98"},"modified":"2023-07-30T09:24:19","modified_gmt":"2023-07-30T08:24:19","slug":"kirmes-2013","status":"publish","type":"page","link":"https:\/\/www.jmj-online.de\/?page_id=98","title":{"rendered":"Kirmes 2017"},"content":{"rendered":"<h2 style=\"text-align: center;\">Benedikt L\u00fctz und Julia Dinier sind das 166. Sch\u00fctzenk\u00f6nigspaar<\/h2>\n<h1 style=\"text-align: center;\"><a href=\"http:\/\/www.jmj-online.de\/wp-content\/uploads\/2017\/09\/166.jpg\" data-rel=\"lightbox-gallery-6XrtWSmK\" data-rl_title=\"\" data-rl_caption=\"\" title=\"\"><img loading=\"lazy\" decoding=\"async\" class=\"aligncenter wp-image-1144 size-large\" src=\"http:\/\/www.jmj-online.de\/wp-content\/uploads\/2017\/09\/166-1280x850.jpg\" alt=\"166\" width=\"1280\" height=\"850\" srcset=\"https:\/\/www.jmj-online.de\/wp-content\/uploads\/2017\/09\/166-1280x850.jpg 1280w, https:\/\/www.jmj-online.de\/wp-content\/uploads\/2017\/09\/166-300x199.jpg 300w\" sizes=\"(max-width: 1280px) 100vw, 1280px\" \/><\/a><\/h1>\n<h1 style=\"text-align: center;\"><strong>Festschrift 2017<\/strong><a href=\"http:\/\/www.jmj-online.de\/wp-content\/uploads\/2017\/07\/2017_web.pdf\"><img loading=\"lazy\" decoding=\"async\" class=\"aligncenter  wp-image-1120\" src=\"http:\/\/www.jmj-online.de\/wp-content\/uploads\/2017\/07\/Kirmesheft2017_Titel-212x300.jpg\" alt=\"Kirmesheft2017_Titel\" width=\"285\" height=\"403\" srcset=\"https:\/\/www.jmj-online.de\/wp-content\/uploads\/2017\/07\/Kirmesheft2017_Titel-212x300.jpg 212w, https:\/\/www.jmj-online.de\/wp-content\/uploads\/2017\/07\/Kirmesheft2017_Titel-905x1280.jpg 905w\" sizes=\"(max-width: 285px) 100vw, 285px\" \/><\/a><\/h1>\n<h3 style=\"text-align: left;\"><\/h3>\n<h1>Festprogramm<\/h1>\n<h3 style=\"text-align: left;\"><strong>Samstag, 19. August 2017<\/strong><\/h3>\n<p style=\"text-align: left;\">17.00 Uhr Antreten auf dem Marktplatz<br \/>\n17.15 Uhr Aufstellen der Vogelstange auf dem Marktplatz<\/p>\n<h3 style=\"text-align: left;\"><strong>Sonntag, 20. August 2017<\/strong><\/h3>\n<p style=\"text-align: left;\">07.30 Uhr Antreten auf dem Marktplatz<br \/>\n09.00 Uhr Heilige Messe im B\u00fcrgerpark<br \/>\n09.45 Uhr Fahnenschwenken zu Ehren der Oberkasseler Pfarrgeistlichkeit<br \/>\n10.00 Uhr Kranzniederlegung am Ehrenmal auf dem Oberkasseler Marktplatz und Fahnenschwenken f\u00fcr die<br \/>\nOberkasseler B\u00fcrger; anschlie\u00dfend Fr\u00fchschoppen im kath. Pfarrheim, Kastellstra\u00dfe 21<br \/>\n13.00 Uhr Antreten der JMJ-Junggesellen auf dem Marktplatz, anschlie\u00dfend Abholen des<br \/>\namtierenden Sch\u00fctzenk\u00f6nigs Fredric Otten<br \/>\n18.00 Uhr Abholen der amtierenden Sch\u00fctzenk\u00f6nigin Tanja M\u00f6seler<br \/>\n19.30 Uhr K\u00f6nigsparade auf der Adrianstra\u00dfe (zwischen Basaltstra\u00dfe und Zipperstra\u00dfe)<br \/>\n20.15 Uhr K\u00f6nigsball im kath. Pfarrheim, Kastellstra\u00dfe 21 <span style=\"color: #008000;\"><strong><a href=\"http:\/\/www.jmj-online.de\/wp-content\/uploads\/2017\/08\/Getr\u00e4nkeUndSpeisekarteSaal2017.pdf\" target=\"_blank\" rel=\"noopener\"><span style=\"color: #008000;\">(Speisekarte)<\/span><\/a><\/strong><\/span><\/p>\n<h3 style=\"text-align: left;\"><strong>Montag, 21. August 2017<\/strong><\/h3>\n<p style=\"text-align: left;\">08.00 Uhr Heilige Messe f\u00fcr die lebenden und verstorbenen Mitglieder der JMJ-Sch\u00fctzenbruderschaft<br \/>\n09.00 Uhr Antreten der JMJ-Junggesellen auf dem Marktplatz<br \/>\n11.00 Uhr K\u00f6nigsvogelschie\u00dfen auf dem Parkplatz des Sportplatzes<br \/>\n14.00 Uhr Antreten der JMJ-Junggesellen auf dem Marktplatz \u2014 oder eine Stunde, nachdem der Vogel gefallen ist<br \/>\n15.00 Uhr Kr\u00f6nung des neuen Sch\u00fctzenk\u00f6nigs im B\u00fcrgerpark<br \/>\n17.15 Uhr Kr\u00f6nung der neuen Sch\u00fctzenk\u00f6nigin vor deren Elternhaus<br \/>\n19.00 Uhr Ehrung des 25-j\u00e4hrigen Jubelpaares Andrea Wenzler-G\u00fcnther und Bernd K\u00f6rner<br \/>\n19.30 Uhr K\u00f6nigsparade auf der Adrianstra\u00dfe (zwischen Baumstra\u00dfe und C\u00e4cilienstra\u00dfe)<br \/>\n20.15 Uhr K\u00f6nigsball im kath. Pfarrheim, Kastellstra\u00dfe 21&nbsp;<strong style=\"color: #008000;\"><a href=\"http:\/\/www.jmj-online.de\/wp-content\/uploads\/2017\/08\/Getr\u00e4nkeUndSpeisekarteSaal2017.pdf\" target=\"_blank\" rel=\"noopener\"><span style=\"color: #008000;\">(Speisekarte)<\/span><\/a><\/strong><\/p>\n<h3 style=\"text-align: left;\"><strong>Dienstag, 22. August 2017<\/strong><\/h3>\n<p style=\"text-align: left;\">12.00 Uhr Antreten der JMJ-Junggesellen auf dem Marktplatz, anschlie\u00dfend Abholen der K\u00f6nigspaare<br \/>\n19.00 Uhr K\u00f6nigsparade auf der Adrianstra\u00dfe (zwischen C\u00e4cilienstra\u00dfe und Zipperstra\u00dfe)<br \/>\n20.00 Uhr K\u00f6nigsball im kath. Pfarrheim, Kastellstra\u00dfe 21&nbsp;<strong style=\"color: #008000;\"><a href=\"http:\/\/www.jmj-online.de\/wp-content\/uploads\/2017\/08\/Getr\u00e4nkeUndSpeisekarteSaal2017.pdf\" target=\"_blank\" rel=\"noopener\"><span style=\"color: #008000;\">(Speisekarte)<\/span><\/a><\/strong><\/p>\n<h3 style=\"text-align: left;\"><strong>Mittwoch, 23. August 2017<\/strong><\/h3>\n<p style=\"text-align: left;\">18.00 Uhr Antreten auf dem Marktplatz und Absetzen der Vogelstange<br \/>\n20.30 Uhr Beerdigung des Kirmeskerls am Rheinufer<\/p>\n<p style=\"text-align: left;\">\n","protected":false},"excerpt":{"rendered":"<p>Benedikt L\u00fctz und Julia Dinier sind das 166. Sch\u00fctzenk\u00f6nigspaar Festschrift 2017 Festprogramm Samstag, 19. August 2017 17.00 Uhr Antreten auf dem Marktplatz 17.15 Uhr Aufstellen der Vogelstange auf dem Marktplatz Sonntag, 20. August 2017 07.30 Uhr Antreten auf dem Marktplatz &hellip; <a href=\"https:\/\/www.jmj-online.de\/?page_id=98\">Weiterlesen <span class=\"meta-nav\">&rarr;<\/span><\/a><\/p>\n","protected":false},"author":1,"featured_media":0,"parent":0,"menu_order":0,"comment_status":"closed","ping_status":"open","template":"","meta":{"footnotes":""},"_links":{"self":[{"href":"https:\/\/www.jmj-online.de\/index.php?rest_route=\/wp\/v2\/pages\/98"}],"collection":[{"href":"https:\/\/www.jmj-online.de\/index.php?rest_route=\/wp\/v2\/pages"}],"about":[{"href":"https:\/\/www.jmj-online.de\/index.php?rest_route=\/wp\/v2\/types\/page"}],"author":[{"embeddable":true,"href":"https:\/\/www.jmj-online.de\/index.php?rest_route=\/wp\/v2\/users\/1"}],"replies":[{"embeddable":true,"href":"https:\/\/www.jmj-online.de\/index.php?rest_route=%2Fwp%2Fv2%2Fcomments&post=98"}],"version-history":[{"count":61,"href":"https:\/\/www.jmj-online.de\/index.php?rest_route=\/wp\/v2\/pages\/98\/revisions"}],"predecessor-version":[{"id":2080,"href":"https:\/\/www.jmj-online.de\/index.php?rest_route=\/wp\/v2\/pages\/98\/revisions\/2080"}],"wp:attachment":[{"href":"https:\/\/www.jmj-online.de\/index.php?rest_route=%2Fwp%2Fv2%2Fmedia&parent=98"}],"curies":[{"name":"wp","href":"https:\/\/api.w.org\/{rel}","templated":true}]}}