{"id":995,"date":"2015-10-24T14:25:31","date_gmt":"2015-10-24T12:25:31","guid":{"rendered":"http:\/\/www.jmj-online.de\/?page_id=995"},"modified":"2023-07-30T09:25:45","modified_gmt":"2023-07-30T08:25:45","slug":"konzeption","status":"publish","type":"page","link":"https:\/\/www.jmj-online.de\/?page_id=995","title":{"rendered":"Konzeption"},"content":{"rendered":"<hr>\n<h2><\/h2>\n<h2>Inhalt<\/h2>\n<p>1 Einleitung<br \/>\n2 \u00dcber uns<br \/>\n3 Ziele<br \/>\n4 Zielgruppe<br \/>\n5 Ort<br \/>\n6 Organisation<\/p>\n<hr>\n<h2>1 Einleitung<\/h2>\n<p>Das vorliegende Konzept soll einen kleinen Einblick in die Kinder- und Jugendarbeit in Oberkassel bieten.<br \/>\nDie Konzeption bedarf einer st\u00e4ndigen Weiterentwicklung, da die Kinder- und Jugendarbeit einem dynamischen Prozess unterliegt. Aus diesem Grund erhebt die vorliegende Arbeit keinen Anspruch auf Vollst\u00e4ndigkeit. Sie dient vielmehr der Repr\u00e4sentation der Kinder- und Jugendarbeit in Oberkassel und Umgebung. Diese Konzeption ist offen und f\u00fcr alle Interessierten einsehbar.<\/p>\n<h2>2 \u00dcber uns<\/h2>\n<p>Das Projekt der Kinder- und Jugendarbeit in Oberkassel wird unterst\u00fctzt von der Jesus-Maria-Josef-Junggesellen-Sch\u00fctzenbruderschaft Bonn-Oberkassel 1794 e.V. Wir sind ein junges Team mit Fachkr\u00e4ften aus dem sozialen Bereich sowie vielen Interessierten an der Arbeit mit Kindern und Jugendlichen.<br \/>\nIn unserem Projekt geht es darum, den Kindern und Jugendlichen in Oberkassel und Umgebung, die Bruderschaft und die Vereine des Ortes n\u00e4herzubringen und sie f\u00fcr Freizeitaktivit\u00e4ten zu motivieren. Die Angebote werden altersentsprechend ausgew\u00e4hlt und in homogenen, gemischten Altersgruppen stattfinden sowie einen zeitlichen Rhythmus von zwei bis drei Monaten haben.<\/p>\n<h2>3 Ziele<\/h2>\n<p>Der Schwerpunkt unserer Arbeit liegt darin, f\u00fcr Kinder und Jugendliche eine Reihe von Freizeitangeboten zu gestalten. Durch die Angebote lernen die Kinder und Jugendlichen das soziale Miteinander in einer Gemeinschaft kennen. Diese Aktivit\u00e4ten bieten den Kindern und Jugendlichen eine Abwechslung zum Alltag.<br \/>\nUnser Ziel ist es, ein lockeres und freundschaftliches Umfeld f\u00fcr Kinder und Jugendliche zu schaffen.<\/p>\n<h2>4 Zielgruppe<\/h2>\n<p>Die Zielgruppe unseres Projektes sind alle Kinder ab dem 4. Lebensjahr, unabh\u00e4ngig von sozialem und kulturellen Hintergrund, sowie Jugendliche mit Interesse an Gruppenhelfert\u00e4tigkeiten.<\/p>\n<h2>5 Ort<\/h2>\n<p>Unser Hauptveranstaltungsort ist das barrierefreie Katholische Pfarrheim in Bonn\/ Oberkassel (Kastellstr. 21). Durch einen Garten und das barrierefreie Gel\u00e4nde bietet sich der Ort f\u00fcr verschiedene Arten von Angeboten und Aktionen an. Im direkten Umfeld liegt der B\u00fcrgerpark mit einem Spielplatz und einer gro\u00dfen Wiese. In nur wenigen Gehminuten sind das Rheinufer und der Wald erreichbar. Der Ort Oberkassel bietet eine Vielseitigkeit an Platz und verschiedene M\u00f6glichkeiten Aktivit\u00e4ten durchzuf\u00fchren. Es k\u00f6nnen aber auch auf Wunsch andere Orte genutzt werden. Die Eltern und Teilnehmer\/innen werden \u00fcber jeden Ort informiert und das Einverst\u00e4ndnis wird eingeholt.<\/p>\n<h2>6 Organisation<\/h2>\n<p>Alle Kinder k\u00f6nnen bei jeder Veranstaltung teilnehmen, wenn das Einverst\u00e4ndnis der Eltern, in Form der Anmeldung, bei dem Veranstaltungsteam vorliegt. Das Anmeldeformular, sowie die Konzeption stehen auf der Homepage der Jesus-Maria-Josef Junggesellen Sch\u00fctzenbruderschaft Bonn\/Oberkassel 1794 e.V. zum Download zur Verf\u00fcgung. Die Anmeldungen k\u00f6nnen bei jeder Veranstaltung und pers\u00f6nlich (Kontaktdaten Titelseite) abgegeben werden.<\/p>\n","protected":false},"excerpt":{"rendered":"<p>Inhalt 1 Einleitung 2 \u00dcber uns 3 Ziele 4 Zielgruppe 5 Ort 6 Organisation 1 Einleitung Das vorliegende Konzept soll einen kleinen Einblick in die Kinder- und Jugendarbeit in Oberkassel bieten. Die Konzeption bedarf einer st\u00e4ndigen Weiterentwicklung, da die Kinder- &hellip; <a href=\"https:\/\/www.jmj-online.de\/?page_id=995\">Weiterlesen <span class=\"meta-nav\">&rarr;<\/span><\/a><\/p>\n","protected":false},"author":1,"featured_media":0,"parent":0,"menu_order":0,"comment_status":"closed","ping_status":"open","template":"","meta":{"footnotes":""},"_links":{"self":[{"href":"https:\/\/www.jmj-online.de\/index.php?rest_route=\/wp\/v2\/pages\/995"}],"collection":[{"href":"https:\/\/www.jmj-online.de\/index.php?rest_route=\/wp\/v2\/pages"}],"about":[{"href":"https:\/\/www.jmj-online.de\/index.php?rest_route=\/wp\/v2\/types\/page"}],"author":[{"embeddable":true,"href":"https:\/\/www.jmj-online.de\/index.php?rest_route=\/wp\/v2\/users\/1"}],"replies":[{"embeddable":true,"href":"https:\/\/www.jmj-online.de\/index.php?rest_route=%2Fwp%2Fv2%2Fcomments&post=995"}],"version-history":[{"count":3,"href":"https:\/\/www.jmj-online.de\/index.php?rest_route=\/wp\/v2\/pages\/995\/revisions"}],"predecessor-version":[{"id":2084,"href":"https:\/\/www.jmj-online.de\/index.php?rest_route=\/wp\/v2\/pages\/995\/revisions\/2084"}],"wp:attachment":[{"href":"https:\/\/www.jmj-online.de\/index.php?rest_route=%2Fwp%2Fv2%2Fmedia&parent=995"}],"curies":[{"name":"wp","href":"https:\/\/api.w.org\/{rel}","templated":true}]}}